2). Suppose -k + 4*o - 125 = 17, o = c*k + 538. What is the units digit of 5/(-15) + k/(-6)?
2
Suppose 0 = 4*j - 4, -8*j = -2*q - 3*j + 47. Let c = -42 - -14. Let f = q - c. What is the units digit of f?
4
Suppose -5*l - l + 24 = 0. Suppose 4*n = -l*w + 92, -5*n + 4*n = 4*w - 23. What is the units digit of n?
3
Suppose 3*q + 5*f = 6162, -3*q + 5*f + 4291 + 1841 = 0. What is the tens digit of q?
4
Let k(s) = 5*s**2 + 3*s - 4. Suppose 4*n = 4*j + 5 - 29, -n - 10 = -2*j. Suppose -8 + 0 = -j*v. What is the tens digit of k(v)?
2
Suppose -3*y = -5*r - 50, 5*y - 18 = r + 36. Suppose -3*i + 5*i - 44 = -3*d, 2*i + y = 0. Let m = 34 + d. What is the tens digit of m?
5
Let m(k) = k**3 + 17*k**2 + 8*k - 21. Let i be m(-16). Let t = i + 110. What is the units digit of t?
7
Suppose -215 = 2*d + 3*r + 74, r + 716 = -5*d. Let g = -94 - d. What is the units digit of g?
9
Suppose -3*a + 3718 = -5*q - 131, -3*a - 4*q = -3876. What is the units digit of a?
8
Suppose 5*c - 218 = 2*s - 3*s, -772 = -4*s + 5*c. Suppose -k + 2*o + s = 3*k, 0 = -4*k - 3*o + 183. What is the units digit of k?
8
Let h(f) = -f**2 + 9*f + 18. Let q(t) = 1. Let s(y) = -h(y) + 6*q(y). Let g be s(-5). Let x = 96 - g. What is the tens digit of x?
3
Let f(g) = 4*g**3 - 11*g + 46. What is the hundreds digit of f(5)?
4
Suppose -7*c - 28280 = -42*c. What is the tens digit of c?
0
Let t be (9/(-6))/(3/4). What is the tens digit of ((-350)/21)/(t/3)?
2
Suppose 5*k - 13*f = -9*f + 13189, 5274 = 2*k - 2*f. What is the tens digit of k?
4
Let z = -9 - -13. Let y(t) = t**2 + 2*t + 7. Let l be y(-3). Suppose -l = -2*a + z. What is the units digit of a?
7
Let n(f) = 26*f - 7. Let p be n(4). Suppose -y - 4 = -p. Suppose -5*c = d - 31, y = 3*d + c - 6*c. What is the tens digit of d?
3
Suppose 4*c = 4*a + 1715 - 5571, 2*a - 1919 = -c. What is the hundreds digit of a?
9
Suppose -5*s - 20 = 2*n, 2*s - 2*n = 3*s + 12. Let i be (s + (-52)/8)*2. Let f = i - -31. What is the units digit of f?
4
Let t(f) = -4*f + 253. What is the tens digit of t(-31)?
7
Let o = -424 - -489. What is the tens digit of o?
6
Let v(c) = -2*c + 3. Let z be v(-5). Suppose -i + 3*i - 42 = 5*k, 3*i = -2*k - z. Let d = 28 + k. What is the tens digit of d?
2
Let x be (-2 + 2)/5 + (-615)/(-1). Suppose -4*i = -2*p - 838, -7*p + 4*p + x = 3*i. What is the units digit of i?
8
What is the tens digit of (3 + 5 + -418)*(-6)/5?
9
Let s(h) = h**3 - 5*h**2 - 6*h + 5. Let k be s(6). Suppose 280 = k*l - 5*p, p - 158 = -3*l + 2*p. Let q = -14 + l. What is the units digit of q?
7
Suppose -2 = 3*h - 2*i + 8, -i + 12 = -5*h. Let p be h/((-22)/(-12) - 2). What is the units digit of (p/30)/((-2)/(-5))?
1
Let v = -1506 + 3107. What is the hundreds digit of v?
6
Let p be 4/(-6)*45/(-10). Let m = p - 1. Suppose -j = -m*j + 16. What is the tens digit of j?
1
Let o(u) = 33*u + 1284. What is the units digit of o(0)?
4
Suppose 0 = 18*d - 20*d + 16. Let o(m) = -m**3 + 8*m**2 + m - 4. Let v be o(d). Suppose -81 + 349 = v*k. What is the units digit of k?
7
Let j be (-1197)/(-18) - (-6)/(-4). Let o = -37 + j. What is the tens digit of o?
2
Let g(m) = 3*m**2 + 39*m + 72. What is the units digit of g(-23)?
2
Suppose -k + 4*r + 16 = 0, -3*k = -2*k - 3*r - 13. Suppose 3*b + 4*g - 342 = 0, k*b - 3*g - 428 = 3. What is the tens digit of b?
1
Suppose 2*p = 3*t - 3*p - 526, -2*t = -5*p - 359. What is the units digit of t?
7
Let i = 978 + -670. Let r = i - 198. Suppose -50 = -5*u + s + 42, -r = -5*u - 5*s. What is the tens digit of u?
1
Let z = -21 + 16. Let p(g) = -g**2 - 17*g - 8. Let a be p(z). Suppose 0*u = u - a. What is the units digit of u?
2
Let s(l) = -2*l**2 - 14*l - 8. Let k be s(-6). What is the units digit of (-1*2/k)/((-38)/988)?
3
Suppose 4*v = 11 + 1. Suppose t + 125 = v*z, 0*z + 2*t = -3*z + 110. What is the tens digit of z?
4
Let o be 2 + -3 - (-4 + 1). Suppose o*t - 3*t = -5. Suppose 56 = -h + t*h. What is the tens digit of h?
1
Suppose -66*c + 1536 = -64*c. What is the tens digit of c?
6
Let x be (3 - 2)/((-1)/13). Suppose -3*s - 58 = 44. Let n = x - s. What is the tens digit of n?
2
Let z be 12*(2 + -5)/(-12). Suppose 5*q + 3*m - 218 = 0, 2*m + 250 = 5*q - z*m. Suppose -x = -0*x - q. What is the tens digit of x?
4
Let z = 28 + 1280. What is the units digit of z?
8
Let p be ((-528)/30)/((-3)/(-15)). Let b = p - -151. What is the units digit of b?
3
Let a(v) = v**2 + 4*v + 4. Let d be a(-4). Let l(r) = -2*r - d*r - 2*r - 13 - 2*r. What is the tens digit of l(-6)?
4
Suppose -12 = -3*q + 3*d, -2*q - 2*d - 3*d = -43. Suppose q + 14 = v. What is the units digit of 1/2*-4 + v?
1
Let i = 9 + -5. Suppose 5*p + 120 = i*o + 32, -o - 3 = 0. What is the tens digit of (-16)/p*(-55)/(-2)?
2
Let w = -16 + -91. Let o = w - -201. What is the tens digit of o?
9
Let s be (88/6)/(3/135). Suppose 5*j + 5*o = 855, 4*j - s = 7*o - 3*o. What is the units digit of j?
8
Let b be (201/12)/((-9)/(-8) + -1). Suppose 4*p = b + 138. What is the tens digit of p?
6
What is the hundreds digit of (-138240)/(-60) - (-1 - 0 - -2)?
3
What is the tens digit of 2/((-3)/(-443 - 4))?
9
Suppose 86*y - 17010 = 59*y. What is the hundreds digit of y?
6
Suppose 3*x + 48 = 5*x. Let d be ((-20)/6)/((-8)/x). Suppose -28 = -2*p + d. What is the tens digit of p?
1
Let n = 27 + -45. What is the tens digit of 14/63 + (-608)/n?
3
Let q = -30 - -107. What is the units digit of q?
7
Let f(r) be the third derivative of r**6/60 - r**5/20 - r**4/12 - 5*r**3/6 + 12*r**2. What is the units digit of f(4)?
7
Suppose 37 = -5*d - 58. Let r = -13 - d. What is the units digit of (4/r)/(6/171)?
9
Let w(q) = 2*q**2 + 12*q + 11. Let b be (-266)/42 + (-4)/6. Let c = b - 2. What is the tens digit of w(c)?
6
Let t be 2*3/(-2)*(-5)/(-3). Let g(v) = 5*v - 5. Let u be g(4). Let i = u - t. What is the tens digit of i?
2
Suppose 0 = 25*h - 20*h - 215. Let i = 125 + h. What is the hundreds digit of i?
1
Suppose -6 = 4*f - 10. Let i(z) = -12*z. Let y be i(f). What is the tens digit of (y/16)/((-3)/44)?
1
Let t be (3/2)/(24/32). Suppose -5*z = 7 - t. What is the units digit of (-49 + -6)/(-2 - z)?
5
Let d be (9/(-2))/((-3)/4). Suppose -d*q - 4*z = -q - 17, z + 27 = 5*q. Suppose q*w - 98 - 24 = -4*h, w - 3*h = 32. What is the tens digit of w?
2
Let r(n) = -25*n + 2. Let q = 6 - 8. What is the tens digit of r(q)?
5
Let l be 1/(-4 - (-3)/1)*1. What is the units digit of 161/2 + l/2?
0
Let c(f) be the second derivative of 5*f**4/12 - f**3/2 + 15*f**2/2 - 50*f. What is the hundreds digit of c(-7)?
2
Suppose 905 - 123 = 2*k. What is the units digit of k?
1
Let w = 1375 - 351. What is the tens digit of w?
2
Let n(w) = -w**3 + 10*w**2 - 7*w - 5. Let s be n(9). Let r(b) = 2*b**2 - 19 + 8 - 3*b**2 + s*b. What is the tens digit of r(8)?
2
Suppose 5*f - 315 = s, 2*s + 315 = 13*f - 8*f. What is the tens digit of f?
6
Suppose -11*n = -56579 + 16044. What is the tens digit of n?
8
Let f(p) = 5*p - 8. Let l be f(-4). What is the units digit of (-10)/35 - 792/l?
8
Let c = -328 - -673. What is the hundreds digit of c?
3
Suppose -3*j = -0*j + 9, 3*j = -3*x - 12. Let g = -9 - -21. Let h = g - x. What is the tens digit of h?
1
Let z = -1001 + 1073. What is the units digit of z?
2
Let m be 8/(-14)*175/(-50). What is the units digit of 6/m*(22 + 1)?
9
Let x be ((-1)/4 - 3)/((-4)/144). Let d = -90 + x. What is the tens digit of d?
2
Suppose -21*k = -12*k - 20529. What is the hundreds digit of k?
2
What is the hundreds digit of 1483/4 - (-45)/(-60)?
3
Suppose -63*w + 67*w = -3*v + 5819, -2*v + 2908 = 2*w. What is the hundreds digit of w?
4
Let r(k) = -1 + k + 22*k + 30*k - 6*k. Suppose 4*d - 20 = 2*t - 6*t, 2*d + t - 6 = 0. What is the tens digit of r(d)?
4
Let r be ((-5)/(-2))/(-5)*-8. Suppose -r*u - 5 = -5*u. Suppose -5*z = -z + u*l - 32, 1 = -z + l. What is the units digit of z?
3
Let v be (-29)/(5 - (4 + 0)). Let n = v - -190. What is the tens digit of n?
6
Let o be 2/1 - (-624)/8. Let v = o - -130. What is the hundreds digit of v?
2
Let j = 990 + -591. What is the tens digit of j?
9
Let j be (-430)/(-150) + (-2)/(-15). Suppose -j*v - 272 = -5*v - 4*i, -v = 3*i - 138. What is the hundreds digit of v?
1
Let r(m) = 13*m**3 + m**2 - 6*m + 7. What is the units digit of r(2)?
3
Suppose -3*j = -2*y - 2*y - 112, y = -4*j + 143. Let q(n) = -3*n**2 + 37*n - 11. Let 